{"id":92,"date":"2018-05-22T18:24:53","date_gmt":"2018-05-22T18:24:53","guid":{"rendered":"http:\/\/prody-solar.de\/?page_id=92"},"modified":"2023-05-11T19:18:44","modified_gmt":"2023-05-11T19:18:44","slug":"deutsche-vertretung-in-rumaenien","status":"publish","type":"page","link":"https:\/\/computerservice-marzahn.de\/prody\/deutsche-vertretung-in-rumaenien\/","title":{"rendered":"Vertretung in Rum\u00e4nien und EU Projekte"},"content":{"rendered":"<div class=\"wp-block-image\">\n<figure class=\"aligncenter\"><a href=\"https:\/\/computerservice-marzahn.de\/prody\/wp-content\/uploads\/2018\/05\/prody.bmp\"><img loading=\"lazy\" decoding=\"async\" width=\"832\" height=\"392\" src=\"https:\/\/computerservice-marzahn.de\/prody\/wp-content\/uploads\/2018\/05\/prody.bmp\" alt=\"\" class=\"wp-image-142\"\/><\/a><\/figure>\n<\/div>\n\n\n<p><span style=\"font-family: arial, helvetica, sans-serif; font-size: 12pt;\"><strong><span style=\"color: #008080;\">PRODY SOLAR<\/span><\/strong> <span class=\"st\">beratet, betreuet und vertretet in Rum\u00e4nien deutsche Unternehmen &#8211; vorwiegend aus Erneuerbare Energie -Bereich -, die ihr Auslandsgesch\u00e4ft da entwickeln oder aufbauen wollen. <\/span><\/span><\/p>\n\n\n\n<p><span class=\"st\" style=\"font-family: arial, helvetica, sans-serif; font-size: 12pt;\">Wir sind jeweils in beiden Mentalit\u00e4ten und Sprachen zu Hause. In diesem Sinne sind wir seit \u00fcber 15 Jahren verl\u00e4ssliche Partner in Rum\u00e4nien f\u00fcr&nbsp; deutsche Unternehmen, unter anderem auch:<br><\/span><\/p>\n\n\n\n<ul class=\"wp-block-list\">\n<li><span class=\"st\" style=\"font-family: arial, helvetica, sans-serif; font-size: 12pt;\">Grammer Solar GmbH, Amberg <\/span><\/li>\n\n\n\n<li><span class=\"st\" style=\"font-family: arial, helvetica, sans-serif; font-size: 12pt;\">FK -Solartechnik, Senftenberg<br><\/span><\/li>\n\n\n\n<li>MP-TEC, Eberswalde<\/li>\n\n\n\n<li><span style=\"font-family: arial, helvetica, sans-serif; font-size: 12pt;\">BEC Berlin GmbH<br><\/span><\/li>\n\n\n\n<li><span style=\"font-family: arial, helvetica, sans-serif; font-size: 12pt;\">WP Energy GmbH, Bremen<\/span><\/li>\n\n\n\n<li><span style=\"font-family: arial, helvetica, sans-serif; font-size: 12pt;\">Promo Tool, Berlin <\/span><\/li>\n<\/ul>\n\n\n\n<p><span style=\"font-family: arial, helvetica, sans-serif; font-size: 12pt;\">In Rum\u00e4nien hat PRODY SOLAR gute Kontakte mit mitleren und gro\u00dfen Unternehmen aus unterschiedlichen Bereichen, Universit\u00e4ten, Instituten und \u00f6ffentlichen \u00c4mter entwickelt. In den letzten Jahren ist PRODY SOLAR an internationalen EU Projekten, mit deutschen und rum\u00e4nischen Partnern beteilgt.<\/span><\/p>\n\n\n\n<p><span style=\"font-family: arial, helvetica, sans-serif; font-size: 12pt;\"><strong><span style=\"color: #008080;\">PRODY SOLAR<\/span><\/strong><\/span> wurde -direkt und indirekt &#8211; in folgenden EU-Projekten beteiligt:<\/p>\n\n\n\n<ul>\n<li><strong>TopiMax<\/strong> &#8211; Koordinator: <span dir=\"ltr\" role=\"presentation\">Institut f\u00fcr Agrar- und Stadt\u00f6kologische Projekte<\/span><br \/><span dir=\"ltr\" role=\"presentation\">an der Humboldt-Universit\u00e4t zu Berlin (IASP), 2016<br \/><\/span><\/li>\n<li><span dir=\"ltr\" role=\"presentation\"><strong>EuroLake &#8211;<\/strong> Koordinator: Kurt Schwabe Institut f\u00fcr Mess- und Sensortechnik e.V. Meinsberg, 2016<br \/><\/span><\/li>\n<li><strong>CLEANBARN<\/strong> &#8211; Koordinator: <span dir=\"ltr\" role=\"presentation\">Frankenf\u00f6rder Forschungsgesellschaft mbH<\/span>, L\u00fcckenwalde, 2019<\/li>\n<li><strong>CIS-Soil<\/strong> &#8211; Koordinator: INCDMTM Bukarest, 2022<\/li>\n<li><strong>BOOSTERA<\/strong> &#8211; Koordinator: INCDMTM Bukarest, 2022<\/li>\n<\/ul>\n","protected":false},"excerpt":{"rendered":"<p>PRODY SOLAR beratet, betreuet und vertretet in Rum\u00e4nien deutsche Unternehmen &#8211; vorwiegend aus Erneuerbare Energie -Bereich -, die ihr Auslandsgesch\u00e4ft da entwickeln oder aufbauen wollen. Wir sind jeweils in beiden Mentalit\u00e4ten und Sprachen zu Hause. In diesem Sinne sind wir seit \u00fcber 15 Jahren verl\u00e4ssliche Partner in Rum\u00e4nien f\u00fcr&nbsp; deutsche Unternehmen, unter anderem auch: In&hellip; <\/p>\n<div class=\"readmore-wrapper\"><a href=\"https:\/\/computerservice-marzahn.de\/prody\/deutsche-vertretung-in-rumaenien\/\" class=\"more-link\">Read <\/a><\/div>\n","protected":false},"author":1,"featured_media":0,"parent":0,"menu_order":2,"comment_status":"closed","ping_status":"closed","template":"","meta":{"footnotes":""},"class_list":["post-92","page","type-page","status-publish","hentry","wpautop"],"_links":{"self":[{"href":"https:\/\/computerservice-marzahn.de\/prody\/wp-json\/wp\/v2\/pages\/92","targetHints":{"allow":["GET"]}}],"collection":[{"href":"https:\/\/computerservice-marzahn.de\/prody\/wp-json\/wp\/v2\/pages"}],"about":[{"href":"https:\/\/computerservice-marzahn.de\/prody\/wp-json\/wp\/v2\/types\/page"}],"author":[{"embeddable":true,"href":"https:\/\/computerservice-marzahn.de\/prody\/wp-json\/wp\/v2\/users\/1"}],"replies":[{"embeddable":true,"href":"https:\/\/computerservice-marzahn.de\/prody\/wp-json\/wp\/v2\/comments?post=92"}],"version-history":[{"count":26,"href":"https:\/\/computerservice-marzahn.de\/prody\/wp-json\/wp\/v2\/pages\/92\/revisions"}],"predecessor-version":[{"id":1188,"href":"https:\/\/computerservice-marzahn.de\/prody\/wp-json\/wp\/v2\/pages\/92\/revisions\/1188"}],"wp:attachment":[{"href":"https:\/\/computerservice-marzahn.de\/prody\/wp-json\/wp\/v2\/media?parent=92"}],"curies":[{"name":"wp","href":"https:\/\/api.w.org\/{rel}","templated":true}]}}

Vertretung in Rumänien und EU Projekte

<div class="wp-block-image">
<figure class="aligncenter"><a href="https://computerservice-marzahn.de/prody/wp-content/uploads/2018/05/prody.bmp"><img loading="lazy" decoding="async" width="832" height="392" src="https://computerservice-marzahn.de/prody/wp-content/uploads/2018/05/prody.bmp" alt="" class="wp-image-142"/></a></figure>
</div>


<p><span style="font-family: arial, helvetica, sans-serif; font-size: 12pt;"><strong><span style="color: #008080;">PRODY SOLAR</span></strong> <span class="st">beratet, betreuet und vertretet in Rumänien deutsche Unternehmen &#8211; vorwiegend aus Erneuerbare Energie -Bereich -, die ihr Auslandsgeschäft da entwickeln oder aufbauen wollen. </span></span></p>



<p><span class="st" style="font-family: arial, helvetica, sans-serif; font-size: 12pt;">Wir sind jeweils in beiden Mentalitäten und Sprachen zu Hause. In diesem Sinne sind wir seit über 15 Jahren verlässliche Partner in Rumänien für&nbsp; deutsche Unternehmen, unter anderem auch:<br></span></p>



<ul class="wp-block-list">
<li><span class="st" style="font-family: arial, helvetica, sans-serif; font-size: 12pt;">Grammer Solar GmbH, Amberg </span></li>



<li><span class="st" style="font-family: arial, helvetica, sans-serif; font-size: 12pt;">FK -Solartechnik, Senftenberg<br></span></li>



<li>MP-TEC, Eberswalde</li>



<li><span style="font-family: arial, helvetica, sans-serif; font-size: 12pt;">BEC Berlin GmbH<br></span></li>



<li><span style="font-family: arial, helvetica, sans-serif; font-size: 12pt;">WP Energy GmbH, Bremen</span></li>



<li><span style="font-family: arial, helvetica, sans-serif; font-size: 12pt;">Promo Tool, Berlin </span></li>
</ul>



<p><span style="font-family: arial, helvetica, sans-serif; font-size: 12pt;">In Rumänien hat PRODY SOLAR gute Kontakte mit mitleren und großen Unternehmen aus unterschiedlichen Bereichen, Universitäten, Instituten und öffentlichen Ämter entwickelt. In den letzten Jahren ist PRODY SOLAR an internationalen EU Projekten, mit deutschen und rumänischen Partnern beteilgt.</span></p>



<p><span style="font-family: arial, helvetica, sans-serif; font-size: 12pt;"><strong><span style="color: #008080;">PRODY SOLAR</span></strong></span> wurde -direkt und indirekt &#8211; in folgenden EU-Projekten beteiligt:</p>



<ul>
<li><strong>TopiMax</strong> &#8211; Koordinator: <span dir="ltr" role="presentation">Institut für Agrar- und Stadtökologische Projekte</span><br /><span dir="ltr" role="presentation">an der Humboldt-Universität zu Berlin (IASP), 2016<br /></span></li>
<li><span dir="ltr" role="presentation"><strong>EuroLake &#8211;</strong> Koordinator: Kurt Schwabe Institut für Mess- und Sensortechnik e.V. Meinsberg, 2016<br /></span></li>
<li><strong>CLEANBARN</strong> &#8211; Koordinator: <span dir="ltr" role="presentation">Frankenförder Forschungsgesellschaft mbH</span>, Lückenwalde, 2019</li>
<li><strong>CIS-Soil</strong> &#8211; Koordinator: INCDMTM Bukarest, 2022</li>
<li><strong>BOOSTERA</strong> &#8211; Koordinator: INCDMTM Bukarest, 2022</li>
</ul>

<p>PRODY SOLAR beratet, betreuet und vertretet in Rumänien deutsche Unternehmen &#8211; vorwiegend aus Erneuerbare Energie -Bereich -, die ihr Auslandsgeschäft da entwickeln oder aufbauen wollen. Wir sind jeweils in beiden Mentalitäten und Sprachen zu Hause. In diesem Sinne sind wir seit über 15 Jahren verlässliche Partner in Rumänien für&nbsp; deutsche Unternehmen, unter anderem auch: In&hellip; </p>
<div class="readmore-wrapper"><a href="https://computerservice-marzahn.de/prody/deutsche-vertretung-in-rumaenien/" class="more-link">Read </a></div>
