{"id":70,"date":"2018-05-22T17:33:35","date_gmt":"2018-05-22T17:33:35","guid":{"rendered":"http:\/\/prody-solar.de\/?page_id=70"},"modified":"2024-11-21T08:34:05","modified_gmt":"2024-11-21T08:34:05","slug":"solarmultitalent","status":"publish","type":"page","link":"https:\/\/computerservice-marzahn.de\/prody\/produkte\/solarmultitalent\/","title":{"rendered":"Solar-Multi-Talent"},"content":{"rendered":"<div>\n<h2 style=\"text-align: left;\"><span style=\"font-size: 14pt;\"><strong style=\"font-size: 14pt;\"><span style=\"color: #008080; font-family: arial, helvetica, sans-serif;\">Mini-Solartrockner<\/span><span style=\"color: #008080; font-family: arial, helvetica, sans-serif;\"><strong> f<\/strong>\u00fcr Obst-, Gem\u00fcse und Kr\u00e4uter &amp; Heizungsunterst\u00fctzug\u00a0 \u00a0 <\/span><\/strong><\/span><span style=\"font-size: 14pt;\"><strong style=\"font-size: 14pt;\"><span style=\"color: #008080; font-family: arial, helvetica, sans-serif;\">\u00a0\u00a0 <\/span><\/strong><\/span><\/h2>\n<h2 style=\"text-align: center;\"><span style=\"font-size: 14pt;\"><strong style=\"font-size: 14pt;\"><span style=\"color: #008080; font-family: arial, helvetica, sans-serif;\"><span style=\"color: #ff0000;\">SOFORT Lieferbar!\u00a0<\/span> \u00a0 \u00a0 \u00a0 \u00a0 \u00a0 \u00a0 \u00a0 \u00a0 \u00a0 \u00a0 \u00a0 <\/span><\/strong><\/span><\/h2>\n<p><span style=\"font-family: arial, helvetica, sans-serif; font-size: 12pt;\">Dieses mini System ist in ihrer Standardversion zur Trocknung nahezu aller landwirtschaftlichen\u00a0<\/span><span style=\"font-family: arial, helvetica, sans-serif; font-size: 12pt;\">Produkte in <\/span><span style=\"font-family: arial, helvetica, sans-serif; font-size: 12pt;\">unterschiedlichen Klimaten geeignet. <\/span><span style=\"font-family: arial, helvetica, sans-serif; font-size: 12pt;\">Die Auslastung einer solaren Trocknungsanlage kann aber erheblich verbessert werden, wenn dieselbe Anlage komplement\u00e4r auch f\u00fcr die Heizungsunterst\u00fctzung genutzt werden kann. In diesem Sinne wurde dieses System entwickelt und realisiert.<\/span><\/p>\n<\/div>\n<div>\n<p>\u00a0\u00a0\u00a0\u00a0 \u00a0\u00a0\u00a0\u00a0 <img loading=\"lazy\" decoding=\"async\" class=\" wp-image-120\" src=\"https:\/\/computerservice-marzahn.de\/prody\/wp-content\/uploads\/2018\/05\/BILD0623b-225x300.jpg\" alt=\"\" width=\"145\" height=\"193\" srcset=\"https:\/\/computerservice-marzahn.de\/prody\/wp-content\/uploads\/2018\/05\/BILD0623b-225x300.jpg 225w, https:\/\/computerservice-marzahn.de\/prody\/wp-content\/uploads\/2018\/05\/BILD0623b-768x1024.jpg 768w, https:\/\/computerservice-marzahn.de\/prody\/wp-content\/uploads\/2018\/05\/BILD0623b-113x150.jpg 113w, https:\/\/computerservice-marzahn.de\/prody\/wp-content\/uploads\/2018\/05\/BILD0623b.jpg 1368w\" sizes=\"auto, (max-width: 145px) 100vw, 145px\" \/>\u00a0 \u00a0 \u00a0 \u00a0 \u00a0 \u00a0 \u00a0 \u00a0 \u00a0 \u00a0 \u00a0 \u00a0 \u00a0 \u00a0 \u00a0 \u00a0 \u00a0 \u00a0 \u00a0 \u00a0\u00a0<img loading=\"lazy\" decoding=\"async\" class=\" wp-image-122\" src=\"https:\/\/computerservice-marzahn.de\/prody\/wp-content\/uploads\/2018\/05\/Bild-SMT-300x225.jpg\" alt=\"\" width=\"268\" height=\"202\" srcset=\"https:\/\/computerservice-marzahn.de\/prody\/wp-content\/uploads\/2018\/05\/Bild-SMT-300x225.jpg 300w, https:\/\/computerservice-marzahn.de\/prody\/wp-content\/uploads\/2018\/05\/Bild-SMT-768x576.jpg 768w, https:\/\/computerservice-marzahn.de\/prody\/wp-content\/uploads\/2018\/05\/Bild-SMT-1024x768.jpg 1024w, https:\/\/computerservice-marzahn.de\/prody\/wp-content\/uploads\/2018\/05\/Bild-SMT-150x113.jpg 150w, https:\/\/computerservice-marzahn.de\/prody\/wp-content\/uploads\/2018\/05\/Bild-SMT.jpg 1824w\" sizes=\"auto, (max-width: 268px) 100vw, 268px\" \/><\/p>\n<\/div>\n<div><span style=\"font-family: arial, helvetica, sans-serif; font-size: 12pt;\">\u00a0\u00a0\u00a0 <img loading=\"lazy\" decoding=\"async\" class=\"alignnone wp-image-131\" src=\"https:\/\/computerservice-marzahn.de\/prody\/wp-content\/uploads\/2018\/05\/Unbenannt-272x300.png\" alt=\"\" width=\"185\" height=\"204\" srcset=\"https:\/\/computerservice-marzahn.de\/prody\/wp-content\/uploads\/2018\/05\/Unbenannt-272x300.png 272w, https:\/\/computerservice-marzahn.de\/prody\/wp-content\/uploads\/2018\/05\/Unbenannt-136x150.png 136w, https:\/\/computerservice-marzahn.de\/prody\/wp-content\/uploads\/2018\/05\/Unbenannt.png 652w\" sizes=\"auto, (max-width: 185px) 100vw, 185px\" \/>\u00a0 \u00a0 \u00a0 \u00a0 \u00a0 \u00a0 \u00a0 \u00a0 \u00a0 \u00a0 \u00a0 \u00a0 \u00a0 \u00a0 \u00a0<\/span><span style=\"font-family: arial, helvetica, sans-serif; font-size: 12pt;\"><img loading=\"lazy\" decoding=\"async\" class=\"alignnone wp-image-132\" src=\"https:\/\/computerservice-marzahn.de\/prody\/wp-content\/uploads\/2018\/05\/Unbenannt2-300x212.png\" alt=\"\" width=\"281\" height=\"198\" srcset=\"https:\/\/computerservice-marzahn.de\/prody\/wp-content\/uploads\/2018\/05\/Unbenannt2-300x212.png 300w, https:\/\/computerservice-marzahn.de\/prody\/wp-content\/uploads\/2018\/05\/Unbenannt2-768x542.png 768w, https:\/\/computerservice-marzahn.de\/prody\/wp-content\/uploads\/2018\/05\/Unbenannt2-150x106.png 150w, https:\/\/computerservice-marzahn.de\/prody\/wp-content\/uploads\/2018\/05\/Unbenannt2.png 1012w\" sizes=\"auto, (max-width: 281px) 100vw, 281px\" \/><\/span><\/div>\n<div>\n<p><strong>\u00a0 \u00a0 \u00a0 \u00a0Sommerbetrieb: Trocknung\u00a0 \u00a0 \u00a0 \u00a0 \u00a0 \u00a0 \u00a0 \u00a0 \u00a0 Winterbetrieb: Heizungsunterst\u00fctzung<\/strong><\/p>\n<ul>\n<li><span style=\"font-family: arial, helvetica, sans-serif; font-size: 12pt;\">Kompaktes und mobiles Solarsystem<\/span><\/li>\n<li><span style=\"font-family: arial, helvetica, sans-serif; font-size: 12pt;\">Beide Solarfl\u00e4chen (PV -Modul + Luftabsorber) k\u00f6nnen jederzeit manuell zur Sonnenseite einfach ausgerichtet werden. Dadurch werden h\u00f6chste\u00a0\u00a0\u00a0\u00a0\u00a0\u00a0 W\u00e4rme- und Trockenertr\u00e4ge erzielt.<\/span><\/li>\n<li><span style=\"font-family: arial, helvetica, sans-serif; font-size: 12pt;\">Das Solarsystem wird ganzj\u00e4hrig genutzt:<\/span>\n<ul>\n<li><span style=\"font-family: arial, helvetica, sans-serif; font-size: 12pt;\">im Sommer zur Trocknung<\/span><\/li>\n<li><span style=\"font-family: arial, helvetica, sans-serif; font-size: 12pt;\">im Winter zur Heizungsunterst\u00fctzung. Der DUO-Kollektor ist zertifiziert und bei BAFA gelistet. BAFA F\u00f6rderung f\u00fcr Heizungsunterst\u00fctzung: 280 Euro<\/span><\/li>\n<\/ul>\n<\/li>\n<li><span style=\"font-family: arial, helvetica, sans-serif; font-size: 12pt;\">Die Umstellung des Sommer-Winter-Betriebes ist manuell einfach zu realisieren.<\/span><\/li>\n<li><span style=\"font-family: arial, helvetica, sans-serif; font-size: 12pt;\">Selber montieren geht ganz einfach<\/span><\/li>\n<\/ul>\n<p><span style=\"font-family: arial, helvetica, sans-serif; font-size: 12pt;\"><strong>\u00a0\u00a0\u00a0\u00a0\u00a0\u00a0\u00a0\u00a0\u00a0\u00a0\u00a0\u00a0\u00a0\u00a0\u00a0\u00a0\u00a0\u00a0\u00a0\u00a0\u00a0\u00a0\u00a0\u00a0\u00a0\u00a0\u00a0\u00a0\u00a0\u00a0\u00a0\u00a0\u00a0 \u00a0 \u00a0 \u00a0 Technische Daten<\/strong><\/span><\/p>\n<p><strong>Solar Luftkollektor\u00a0\u00a0&#8211; 1,1 m\u00b2\u00a0\u00a0\u00a0\u00a0\u00a0\u00a0\u00a0\u00a0\u00a0\u00a0\u00a0\u00a0\u00a0\u00a0\u00a0\u00a0\u00a0\u00a0\u00a0\u00a0\u00a0\u00a0\u00a0\u00a0\u00a0 Trockner &#8211; 98 Liter<br \/>\n<\/strong><\/p>\n<table class=\"tbl1 aligncenter\" style=\"width: 98.6906%;\" width=\"531\">\n<tbody>\n<tr>\n<td style=\"width: 31.4775%;\">Thermische Leistung 700 Wp<\/p>\n<p>Interne Ventilatoren\u00a0 \u00a0 \u00a02x<\/p>\n<p>PV &#8211; Modul\u00a0 \u00a0 \u00a0 \u00a0 \u00a0 \u00a0 \u00a0 \u00a030 Wp<\/p>\n<p>Wohnfl\u00e4che\u00a0 \u00a0 \u00a0 \u00a0 \u00a0 \u00a010-20 m\u00b2<\/td>\n<td style=\"width: 45.2765%;\">Trocknungsfl\u00e4che\u00a0 \u00a0 0,40 m\u00b2Anzahl Einlegeb\u00f6den\u00a0 \u00a0 7Material\u00a0 \u00a0 \u00a0 \u00a0 \u00a0 \u00a0 \u00a0 \u00a0 \u00a0Edelstahl<\/p>\n<p>Interne Ventilator\u00a0 \u00a0 \u00a0 \u00a0 1x<\/td>\n<\/tr>\n<\/tbody>\n<\/table>\n<div><\/div>\n<\/div>\n<div>\n<p><img loading=\"lazy\" decoding=\"async\" class=\"alignnone wp-image-313\" src=\"https:\/\/computerservice-marzahn.de\/prody\/wp-content\/uploads\/2018\/07\/SMT-Ausstelung-300x268.png\" alt=\"\" width=\"200\" height=\"178\" srcset=\"https:\/\/computerservice-marzahn.de\/prody\/wp-content\/uploads\/2018\/07\/SMT-Ausstelung-300x268.png 300w, https:\/\/computerservice-marzahn.de\/prody\/wp-content\/uploads\/2018\/07\/SMT-Ausstelung-150x134.png 150w, https:\/\/computerservice-marzahn.de\/prody\/wp-content\/uploads\/2018\/07\/SMT-Ausstelung.png 733w\" sizes=\"auto, (max-width: 200px) 100vw, 200px\" \/> \u00a0\u00a0\u00a0\u00a0\u00a0\u00a0 <img loading=\"lazy\" decoding=\"async\" class=\" wp-image-1185\" src=\"https:\/\/computerservice-marzahn.de\/prody\/wp-content\/uploads\/2024\/10\/BILD0741-scaled-e1729920739278.jpg\" alt=\"\" width=\"251\" height=\"189\" \/>\u00a0 <img loading=\"lazy\" decoding=\"async\" class=\"alignleft wp-image-564\" src=\"https:\/\/computerservice-marzahn.de\/prody\/wp-content\/uploads\/2018\/08\/BILD0746-300x225.jpg\" alt=\"\" width=\"235\" height=\"176\" srcset=\"https:\/\/computerservice-marzahn.de\/prody\/wp-content\/uploads\/2018\/08\/BILD0746-300x225.jpg 300w, https:\/\/computerservice-marzahn.de\/prody\/wp-content\/uploads\/2018\/08\/BILD0746-768x576.jpg 768w, https:\/\/computerservice-marzahn.de\/prody\/wp-content\/uploads\/2018\/08\/BILD0746-1024x768.jpg 1024w, https:\/\/computerservice-marzahn.de\/prody\/wp-content\/uploads\/2018\/08\/BILD0746-150x113.jpg 150w\" sizes=\"auto, (max-width: 235px) 100vw, 235px\" \/><\/p>\n<p><strong><span style=\"font-family: arial, helvetica, sans-serif; font-size: 10pt;\">Bilder und Grafiken: PRODY SOLAR<\/span><\/strong><\/p>\n<\/div>\n<p>Artikel SONNENENERGIE (DGS) Nr.01\/2019 <a href=\"https:\/\/computerservice-marzahn.de\/prody\/wp-content\/uploads\/2019\/03\/Innovationen-Solare_Trocknung_und_Heizungsunterstu\u0308tzung-1.pdf\">\u00a0Solare_Trocknung_und_Heizungsunterstu\u0308tzung<\/a><\/p>\n","protected":false},"excerpt":{"rendered":"<p>Mini-Solartrockner f\u00fcr Obst-, Gem\u00fcse und Kr\u00e4uter &amp; Heizungsunterst\u00fctzug\u00a0 \u00a0 \u00a0\u00a0 SOFORT Lieferbar!\u00a0 \u00a0 \u00a0 \u00a0 \u00a0 \u00a0 \u00a0 \u00a0 \u00a0 \u00a0 \u00a0 \u00a0 Dieses mini System ist in ihrer Standardversion zur Trocknung nahezu aller landwirtschaftlichen\u00a0Produkte in unterschiedlichen Klimaten geeignet. Die Auslastung einer solaren Trocknungsanlage kann aber erheblich verbessert werden, wenn dieselbe Anlage komplement\u00e4r auch f\u00fcr&hellip; <\/p>\n<div class=\"readmore-wrapper\"><a href=\"https:\/\/computerservice-marzahn.de\/prody\/produkte\/solarmultitalent\/\" class=\"more-link\">Read <\/a><\/div>\n","protected":false},"author":1,"featured_media":0,"parent":41,"menu_order":0,"comment_status":"closed","ping_status":"closed","template":"","meta":{"footnotes":""},"class_list":["post-70","page","type-page","status-publish","hentry","wpautop"],"_links":{"self":[{"href":"https:\/\/computerservice-marzahn.de\/prody\/wp-json\/wp\/v2\/pages\/70","targetHints":{"allow":["GET"]}}],"collection":[{"href":"https:\/\/computerservice-marzahn.de\/prody\/wp-json\/wp\/v2\/pages"}],"about":[{"href":"https:\/\/computerservice-marzahn.de\/prody\/wp-json\/wp\/v2\/types\/page"}],"author":[{"embeddable":true,"href":"https:\/\/computerservice-marzahn.de\/prody\/wp-json\/wp\/v2\/users\/1"}],"replies":[{"embeddable":true,"href":"https:\/\/computerservice-marzahn.de\/prody\/wp-json\/wp\/v2\/comments?post=70"}],"version-history":[{"count":145,"href":"https:\/\/computerservice-marzahn.de\/prody\/wp-json\/wp\/v2\/pages\/70\/revisions"}],"predecessor-version":[{"id":1244,"href":"https:\/\/computerservice-marzahn.de\/prody\/wp-json\/wp\/v2\/pages\/70\/revisions\/1244"}],"up":[{"embeddable":true,"href":"https:\/\/computerservice-marzahn.de\/prody\/wp-json\/wp\/v2\/pages\/41"}],"wp:attachment":[{"href":"https:\/\/computerservice-marzahn.de\/prody\/wp-json\/wp\/v2\/media?parent=70"}],"curies":[{"name":"wp","href":"https:\/\/api.w.org\/{rel}","templated":true}]}}

<div>
<h2 style="text-align: left;"><span style="font-size: 14pt;"><strong style="font-size: 14pt;"><span style="color: #008080; font-family: arial, helvetica, sans-serif;">Mini-Solartrockner</span><span style="color: #008080; font-family: arial, helvetica, sans-serif;"><strong> f</strong>ür Obst-, Gemüse und Kräuter &amp; Heizungsunterstützug    </span></strong></span><span style="font-size: 14pt;"><strong style="font-size: 14pt;"><span style="color: #008080; font-family: arial, helvetica, sans-serif;">   </span></strong></span></h2>
<h2 style="text-align: center;"><span style="font-size: 14pt;"><strong style="font-size: 14pt;"><span style="color: #008080; font-family: arial, helvetica, sans-serif;"><span style="color: #ff0000;">SOFORT Lieferbar! </span>                       </span></strong></span></h2>
<p><span style="font-family: arial, helvetica, sans-serif; font-size: 12pt;">Dieses mini System ist in ihrer Standardversion zur Trocknung nahezu aller landwirtschaftlichen </span><span style="font-family: arial, helvetica, sans-serif; font-size: 12pt;">Produkte in </span><span style="font-family: arial, helvetica, sans-serif; font-size: 12pt;">unterschiedlichen Klimaten geeignet. </span><span style="font-family: arial, helvetica, sans-serif; font-size: 12pt;">Die Auslastung einer solaren Trocknungsanlage kann aber erheblich verbessert werden, wenn dieselbe Anlage komplementär auch für die Heizungsunterstützung genutzt werden kann. In diesem Sinne wurde dieses System entwickelt und realisiert.</span></p>
</div>
<div>
<p>          <img loading="lazy" decoding="async" class=" wp-image-120" src="https://computerservice-marzahn.de/prody/wp-content/uploads/2018/05/BILD0623b-225x300.jpg" alt="" width="145" height="193" srcset="https://computerservice-marzahn.de/prody/wp-content/uploads/2018/05/BILD0623b-225x300.jpg 225w, https://computerservice-marzahn.de/prody/wp-content/uploads/2018/05/BILD0623b-768x1024.jpg 768w, https://computerservice-marzahn.de/prody/wp-content/uploads/2018/05/BILD0623b-113x150.jpg 113w, https://computerservice-marzahn.de/prody/wp-content/uploads/2018/05/BILD0623b.jpg 1368w" sizes="auto, (max-width: 145px) 100vw, 145px" />                                        <img loading="lazy" decoding="async" class=" wp-image-122" src="https://computerservice-marzahn.de/prody/wp-content/uploads/2018/05/Bild-SMT-300x225.jpg" alt="" width="268" height="202" srcset="https://computerservice-marzahn.de/prody/wp-content/uploads/2018/05/Bild-SMT-300x225.jpg 300w, https://computerservice-marzahn.de/prody/wp-content/uploads/2018/05/Bild-SMT-768x576.jpg 768w, https://computerservice-marzahn.de/prody/wp-content/uploads/2018/05/Bild-SMT-1024x768.jpg 1024w, https://computerservice-marzahn.de/prody/wp-content/uploads/2018/05/Bild-SMT-150x113.jpg 150w, https://computerservice-marzahn.de/prody/wp-content/uploads/2018/05/Bild-SMT.jpg 1824w" sizes="auto, (max-width: 268px) 100vw, 268px" /></p>
</div>
<div><span style="font-family: arial, helvetica, sans-serif; font-size: 12pt;">    <img loading="lazy" decoding="async" class="alignnone wp-image-131" src="https://computerservice-marzahn.de/prody/wp-content/uploads/2018/05/Unbenannt-272x300.png" alt="" width="185" height="204" srcset="https://computerservice-marzahn.de/prody/wp-content/uploads/2018/05/Unbenannt-272x300.png 272w, https://computerservice-marzahn.de/prody/wp-content/uploads/2018/05/Unbenannt-136x150.png 136w, https://computerservice-marzahn.de/prody/wp-content/uploads/2018/05/Unbenannt.png 652w" sizes="auto, (max-width: 185px) 100vw, 185px" />                             </span><span style="font-family: arial, helvetica, sans-serif; font-size: 12pt;"><img loading="lazy" decoding="async" class="alignnone wp-image-132" src="https://computerservice-marzahn.de/prody/wp-content/uploads/2018/05/Unbenannt2-300x212.png" alt="" width="281" height="198" srcset="https://computerservice-marzahn.de/prody/wp-content/uploads/2018/05/Unbenannt2-300x212.png 300w, https://computerservice-marzahn.de/prody/wp-content/uploads/2018/05/Unbenannt2-768x542.png 768w, https://computerservice-marzahn.de/prody/wp-content/uploads/2018/05/Unbenannt2-150x106.png 150w, https://computerservice-marzahn.de/prody/wp-content/uploads/2018/05/Unbenannt2.png 1012w" sizes="auto, (max-width: 281px) 100vw, 281px" /></span></div>
<div>
<p><strong>       Sommerbetrieb: Trocknung                  Winterbetrieb: Heizungsunterstützung</strong></p>
<ul>
<li><span style="font-family: arial, helvetica, sans-serif; font-size: 12pt;">Kompaktes und mobiles Solarsystem</span></li>
<li><span style="font-family: arial, helvetica, sans-serif; font-size: 12pt;">Beide Solarflächen (PV -Modul + Luftabsorber) können jederzeit manuell zur Sonnenseite einfach ausgerichtet werden. Dadurch werden höchste       Wärme- und Trockenerträge erzielt.</span></li>
<li><span style="font-family: arial, helvetica, sans-serif; font-size: 12pt;">Das Solarsystem wird ganzjährig genutzt:</span>
<ul>
<li><span style="font-family: arial, helvetica, sans-serif; font-size: 12pt;">im Sommer zur Trocknung</span></li>
<li><span style="font-family: arial, helvetica, sans-serif; font-size: 12pt;">im Winter zur Heizungsunterstützung. Der DUO-Kollektor ist zertifiziert und bei BAFA gelistet. BAFA Förderung für Heizungsunterstützung: 280 Euro</span></li>
</ul>
</li>
<li><span style="font-family: arial, helvetica, sans-serif; font-size: 12pt;">Die Umstellung des Sommer-Winter-Betriebes ist manuell einfach zu realisieren.</span></li>
<li><span style="font-family: arial, helvetica, sans-serif; font-size: 12pt;">Selber montieren geht ganz einfach</span></li>
</ul>
<p><span style="font-family: arial, helvetica, sans-serif; font-size: 12pt;"><strong>                                        Technische Daten</strong></span></p>
<p><strong>Solar Luftkollektor  &#8211; 1,1 m²                          Trockner &#8211; 98 Liter<br />
</strong></p>
<table class="tbl1 aligncenter" style="width: 98.6906%;" width="531">
<tbody>
<tr>
<td style="width: 31.4775%;">Thermische Leistung 700 Wp</p>
<p>Interne Ventilatoren     2x</p>
<p>PV &#8211; Modul               30 Wp</p>
<p>Wohnfläche           10-20 m²</td>
<td style="width: 45.2765%;">Trocknungsfläche    0,40 m²Anzahl Einlegeböden    7Material                 Edelstahl</p>
<p>Interne Ventilator        1x</td>
</tr>
</tbody>
</table>
<div></div>
</div>
<div>
<p><img loading="lazy" decoding="async" class="alignnone wp-image-313" src="https://computerservice-marzahn.de/prody/wp-content/uploads/2018/07/SMT-Ausstelung-300x268.png" alt="" width="200" height="178" srcset="https://computerservice-marzahn.de/prody/wp-content/uploads/2018/07/SMT-Ausstelung-300x268.png 300w, https://computerservice-marzahn.de/prody/wp-content/uploads/2018/07/SMT-Ausstelung-150x134.png 150w, https://computerservice-marzahn.de/prody/wp-content/uploads/2018/07/SMT-Ausstelung.png 733w" sizes="auto, (max-width: 200px) 100vw, 200px" />        <img loading="lazy" decoding="async" class=" wp-image-1185" src="https://computerservice-marzahn.de/prody/wp-content/uploads/2024/10/BILD0741-scaled-e1729920739278.jpg" alt="" width="251" height="189" />  <img loading="lazy" decoding="async" class="alignleft wp-image-564" src="https://computerservice-marzahn.de/prody/wp-content/uploads/2018/08/BILD0746-300x225.jpg" alt="" width="235" height="176" srcset="https://computerservice-marzahn.de/prody/wp-content/uploads/2018/08/BILD0746-300x225.jpg 300w, https://computerservice-marzahn.de/prody/wp-content/uploads/2018/08/BILD0746-768x576.jpg 768w, https://computerservice-marzahn.de/prody/wp-content/uploads/2018/08/BILD0746-1024x768.jpg 1024w, https://computerservice-marzahn.de/prody/wp-content/uploads/2018/08/BILD0746-150x113.jpg 150w" sizes="auto, (max-width: 235px) 100vw, 235px" /></p>
<p><strong><span style="font-family: arial, helvetica, sans-serif; font-size: 10pt;">Bilder und Grafiken: PRODY SOLAR</span></strong></p>
</div>
<p>Artikel SONNENENERGIE (DGS) Nr.01/2019 <a href="https://computerservice-marzahn.de/prody/wp-content/uploads/2019/03/Innovationen-Solare_Trocknung_und_Heizungsunterstützung-1.pdf"> Solare_Trocknung_und_Heizungsunterstützung</a></p>

<p>Mini-Solartrockner für Obst-, Gemüse und Kräuter &amp; Heizungsunterstützug       SOFORT Lieferbar!                        Dieses mini System ist in ihrer Standardversion zur Trocknung nahezu aller landwirtschaftlichen Produkte in unterschiedlichen Klimaten geeignet. Die Auslastung einer solaren Trocknungsanlage kann aber erheblich verbessert werden, wenn dieselbe Anlage komplementär auch für&hellip; </p>
<div class="readmore-wrapper"><a href="https://computerservice-marzahn.de/prody/produkte/solarmultitalent/" class="more-link">Read </a></div>
