{"id":64,"date":"2018-05-22T17:27:57","date_gmt":"2018-05-22T17:27:57","guid":{"rendered":"http:\/\/prody-solar.de\/?page_id=64"},"modified":"2023-06-11T16:41:11","modified_gmt":"2023-06-11T16:41:11","slug":"seite-3","status":"publish","type":"page","link":"https:\/\/computerservice-marzahn.de\/prody\/produkte\/seite-3\/","title":{"rendered":"PV &#8211; Systeme"},"content":{"rendered":"\n<h2 class=\"wp-block-heading has-text-align-left\">PV &#8211; offgrid Systeme (Inselanlagen)<\/h2>\n\n\n\n<figure class=\"wp-block-image\"><img loading=\"lazy\" decoding=\"async\" width=\"1239\" height=\"743\" src=\"https:\/\/computerservice-marzahn.de\/prody\/wp-content\/uploads\/2023\/03\/Steca.png\" alt=\"\" class=\"wp-image-922\" srcset=\"https:\/\/computerservice-marzahn.de\/prody\/wp-content\/uploads\/2023\/03\/Steca.png 1239w, https:\/\/computerservice-marzahn.de\/prody\/wp-content\/uploads\/2023\/03\/Steca-300x180.png 300w, https:\/\/computerservice-marzahn.de\/prody\/wp-content\/uploads\/2023\/03\/Steca-1024x614.png 1024w, https:\/\/computerservice-marzahn.de\/prody\/wp-content\/uploads\/2023\/03\/Steca-768x461.png 768w, https:\/\/computerservice-marzahn.de\/prody\/wp-content\/uploads\/2023\/03\/Steca-150x90.png 150w, https:\/\/computerservice-marzahn.de\/prody\/wp-content\/uploads\/2023\/03\/Steca-250x150.png 250w\" sizes=\"auto, (max-width: 1239px) 100vw, 1239px\" \/><\/figure>\n\n\n\n<ul class=\"wp-block-list\">\n<li>Ein PV-Modul (A) produziert Gleichstrom (DC), der nach Laderegler gef\u00fchrt wird.<\/li>\n\n\n\n<li>Der solare&nbsp; Laderegler (B) steuert den Auflade- und Entladevorgang von solaren Akkus und bietet andere sinnvolle Zusatzfunktionen.<\/li>\n\n\n\n<li>Der solaren Akku (C) speichert die elektrische Energie und je nachdem direkt als Gleichstrom (F) oder \u00fcber einen Wechselrichter (D) als Wechselstrom zur Verf\u00fcgung gestellt.&nbsp; Eine gespeicherte Gleichspannung von 12 Volt ist typisch f\u00fcr eine Inselanlage, wobei gr\u00f6\u00dfere Anlagen 24 oder 48 Volt haben k\u00f6nnen.<\/li>\n\n\n\n<li>Der Wechselricher (D) wandelt den Akku-DC-Gleichstrom im (230V) Wechselstrom um und die Verbaucher (F) mit AC-Strom versorgen.  <\/li>\n<\/ul>\n\n\n\n<p>PRODY SOLAR bietet je nach Bedarf und Wunsch ma\u00dfgeschneiderte PV-Inselanlage mit Leistungen zwischen 400 und 5.000 Wp. Selbstmontage unter PRODY SOLAR &#8211; Koordinierung ist m\u00f6glich<\/p>\n\n\n\n<p><\/p>\n\n\n\n<p><\/p>\n\n\n\n<h2>PV- Ongrid Systeme (Netzgekoppelte Anlagen)<\/h2>\n<p>\u00a0<\/p>\n<p><img loading=\"lazy\" decoding=\"async\" class=\"alignnone  wp-image-1083\" src=\"https:\/\/computerservice-marzahn.de\/prody\/wp-content\/uploads\/2023\/05\/Hess.jpg\" alt=\"\" width=\"331\" height=\"232\" srcset=\"https:\/\/computerservice-marzahn.de\/prody\/wp-content\/uploads\/2023\/05\/Hess.jpg 756w, https:\/\/computerservice-marzahn.de\/prody\/wp-content\/uploads\/2023\/05\/Hess-300x210.jpg 300w\" sizes=\"auto, (max-width: 331px) 100vw, 331px\" \/> \u00a0\u00a0\u00a0\u00a0\u00a0\u00a0 <img loading=\"lazy\" decoding=\"async\" class=\"alignnone  wp-image-1085\" src=\"https:\/\/computerservice-marzahn.de\/prody\/wp-content\/uploads\/2023\/05\/PV-Schule.png\" alt=\"\" width=\"333\" height=\"239\" srcset=\"https:\/\/computerservice-marzahn.de\/prody\/wp-content\/uploads\/2023\/05\/PV-Schule.png 744w, https:\/\/computerservice-marzahn.de\/prody\/wp-content\/uploads\/2023\/05\/PV-Schule-300x215.png 300w\" sizes=\"auto, (max-width: 333px) 100vw, 333px\" \/><\/p>\n\n\n\n<p style=\"text-align: center;\">Zwei geplante PV-Ongrid Anlagen aus Berliner Raum<\/p>\n<p>PRODY SOLAR bietet heutzutage , gemeinsam mit den Partnern, komplette PV-Anlagen (Planung und Installation) ab 600 kWp.<\/p>\n","protected":false},"excerpt":{"rendered":"<p>PV &#8211; offgrid Systeme (Inselanlagen) PRODY SOLAR bietet je nach Bedarf und Wunsch ma\u00dfgeschneiderte PV-Inselanlage mit Leistungen zwischen 400 und 5.000 Wp. Selbstmontage unter PRODY SOLAR &#8211; Koordinierung ist m\u00f6glich PV- Ongrid Systeme (Netzgekoppelte Anlagen) \u00a0 \u00a0\u00a0\u00a0\u00a0\u00a0\u00a0 Zwei geplante PV-Ongrid Anlagen aus Berliner Raum PRODY SOLAR bietet heutzutage , gemeinsam mit den Partnern, komplette PV-Anlagen&hellip; <\/p>\n<div class=\"readmore-wrapper\"><a href=\"https:\/\/computerservice-marzahn.de\/prody\/produkte\/seite-3\/\" class=\"more-link\">Read <\/a><\/div>\n","protected":false},"author":1,"featured_media":0,"parent":41,"menu_order":0,"comment_status":"closed","ping_status":"closed","template":"","meta":{"footnotes":""},"class_list":["post-64","page","type-page","status-publish","hentry","wpautop"],"_links":{"self":[{"href":"https:\/\/computerservice-marzahn.de\/prody\/wp-json\/wp\/v2\/pages\/64","targetHints":{"allow":["GET"]}}],"collection":[{"href":"https:\/\/computerservice-marzahn.de\/prody\/wp-json\/wp\/v2\/pages"}],"about":[{"href":"https:\/\/computerservice-marzahn.de\/prody\/wp-json\/wp\/v2\/types\/page"}],"author":[{"embeddable":true,"href":"https:\/\/computerservice-marzahn.de\/prody\/wp-json\/wp\/v2\/users\/1"}],"replies":[{"embeddable":true,"href":"https:\/\/computerservice-marzahn.de\/prody\/wp-json\/wp\/v2\/comments?post=64"}],"version-history":[{"count":121,"href":"https:\/\/computerservice-marzahn.de\/prody\/wp-json\/wp\/v2\/pages\/64\/revisions"}],"predecessor-version":[{"id":1160,"href":"https:\/\/computerservice-marzahn.de\/prody\/wp-json\/wp\/v2\/pages\/64\/revisions\/1160"}],"up":[{"embeddable":true,"href":"https:\/\/computerservice-marzahn.de\/prody\/wp-json\/wp\/v2\/pages\/41"}],"wp:attachment":[{"href":"https:\/\/computerservice-marzahn.de\/prody\/wp-json\/wp\/v2\/media?parent=64"}],"curies":[{"name":"wp","href":"https:\/\/api.w.org\/{rel}","templated":true}]}}