{"id":1133,"date":"2023-05-12T04:26:19","date_gmt":"2023-05-12T04:26:19","guid":{"rendered":"https:\/\/prody-solar.de\/?page_id=1133"},"modified":"2023-05-12T04:35:12","modified_gmt":"2023-05-12T04:35:12","slug":"datenschutzerklaerung","status":"publish","type":"page","link":"https:\/\/computerservice-marzahn.de\/prody\/datenschutzerklaerung\/","title":{"rendered":"Datenschutzerkl\u00e4rung"},"content":{"rendered":"\n<p>Prody Solar (im Folgenden: \u201eWir\u201c) ist als Betreiberin der Seite www.prody-solar.de (im Folgenden \u201eWebseite\u201c) Verantwortlicher f\u00fcr die personenbezogenen Daten der Nutzer (im Folgenden: \u201eSie\u201c) der Webseite im Sinne der Datenschutzgesetze, insbesondere der Datenschutz-Grundverordnung (\u201eDSGVO&#8220;) und des Bundesdatenschutzgesetzes (\u201eBDSG\u201c).<\/p>\n<p>Wir sch\u00fctzen Ihre Privatsph\u00e4re und Ihre privaten Daten. Wir erheben, verarbeiten und nutzen Ihre personenbezogenen Daten in \u00dcbereinstimmung mit dem Inhalt dieser Datenschutzbestimmungen sowie den anwendbaren Datenschutzgesetzen, insbesondere der DSGVO sowie dem BDSG.<\/p>\n<p>Personenbezogene Daten im Sinne dieser Datenschutzbestimmungen sind Einzelangaben \u00fcber Ihre pers\u00f6nlichen oder sachlichen Verh\u00e4ltnisse. Hierzu z\u00e4hlen insbesondere Ihr Name, ihre E-Mail-Adresse und ggf. Ihre Adresse und Ihre Telefonnummer sowie ihre Kreditkarten- und Kontodaten und ihre Umsatzsteuerangaben, wenn Sie ein registrierter H\u00e4ndler sind.<\/p>\n","protected":false},"excerpt":{"rendered":"<p>Prody Solar (im Folgenden: \u201eWir\u201c) ist als Betreiberin der Seite www.prody-solar.de (im Folgenden \u201eWebseite\u201c) Verantwortlicher f\u00fcr die personenbezogenen Daten der Nutzer (im Folgenden: \u201eSie\u201c) der Webseite im Sinne der Datenschutzgesetze, insbesondere der Datenschutz-Grundverordnung (\u201eDSGVO&#8220;) und des Bundesdatenschutzgesetzes (\u201eBDSG\u201c). Wir sch\u00fctzen Ihre Privatsph\u00e4re und Ihre privaten Daten. Wir erheben, verarbeiten und nutzen Ihre personenbezogenen Daten in&hellip; <\/p>\n<div class=\"readmore-wrapper\"><a href=\"https:\/\/computerservice-marzahn.de\/prody\/datenschutzerklaerung\/\" class=\"more-link\">Read <\/a><\/div>\n","protected":false},"author":1,"featured_media":0,"parent":0,"menu_order":0,"comment_status":"closed","ping_status":"closed","template":"","meta":{"footnotes":""},"class_list":["post-1133","page","type-page","status-publish","hentry","wpautop"],"_links":{"self":[{"href":"https:\/\/computerservice-marzahn.de\/prody\/wp-json\/wp\/v2\/pages\/1133","targetHints":{"allow":["GET"]}}],"collection":[{"href":"https:\/\/computerservice-marzahn.de\/prody\/wp-json\/wp\/v2\/pages"}],"about":[{"href":"https:\/\/computerservice-marzahn.de\/prody\/wp-json\/wp\/v2\/types\/page"}],"author":[{"embeddable":true,"href":"https:\/\/computerservice-marzahn.de\/prody\/wp-json\/wp\/v2\/users\/1"}],"replies":[{"embeddable":true,"href":"https:\/\/computerservice-marzahn.de\/prody\/wp-json\/wp\/v2\/comments?post=1133"}],"version-history":[{"count":1,"href":"https:\/\/computerservice-marzahn.de\/prody\/wp-json\/wp\/v2\/pages\/1133\/revisions"}],"predecessor-version":[{"id":1134,"href":"https:\/\/computerservice-marzahn.de\/prody\/wp-json\/wp\/v2\/pages\/1133\/revisions\/1134"}],"wp:attachment":[{"href":"https:\/\/computerservice-marzahn.de\/prody\/wp-json\/wp\/v2\/media?parent=1133"}],"curies":[{"name":"wp","href":"https:\/\/api.w.org\/{rel}","templated":true}]}}